83.120.159.138 - - [16/Mar/2024:18:16:18 +0330] "GET /wp-content/plugins/revslider/public/assets/js/rs6.min.js?ver=6.5.8 HTTP/2" 200 94998 "https://www.gamefaq.ir/%D8%A7%D8%AC%D8%B1%D8%A7%DB%8C-%D8%A8%D9%87%D8%AA%D8%B1-%D8%A8%D8%A7%D8%B2%DB%8C-%D9%87%D8%A7%DB%8C-ps3-%D8%B1%D9%88%DB%8C-rpcs3/" "Mozilla/5.0 (Linux; Android 12; SAMSUNG SM-A115F) AppleWebKit/537.36 (KHTML, like Gecko) SamsungBrowser/19.0 Chrome/102.0.5005.125 Mobile Safari/537.36"
83.120.159.138 - - [16/Mar/2024:18:16:18 +0330] "GET /wp-includes/js/comment-reply.min.js?ver=6.4.3 HTTP/2" 200 1228 "https://www.gamefaq.ir/%D8%A7%D8%AC%D8%B1%D8%A7%DB%8C-%D8%A8%D9%87%D8%AA%D8%B1-%D8%A8%D8%A7%D8%B2%DB%8C-%D9%87%D8%A7%DB%8C-ps3-%D8%B1%D9%88%DB%8C-rpcs3/" "Mozilla/5.0 (Linux; Android 12; SAMSUNG SM-A115F) AppleWebKit/537.36 (KHTML, like Gecko) SamsungBrowser/19.0 Chrome/102.0.5005.125 Mobile Safari/537.36"
83.120.159.138 - - [16/Mar/2024:18:16:18 +0330] "GET /wp-content/uploads/PS3-Emulator-For-PC-GameFAQ.ir_-768x432.jpg HTTP/2" 200 67522 "https://www.gamefaq.ir/%D8%A7%D8%AC%D8%B1%D8%A7%DB%8C-%D8%A8%D9%87%D8%AA%D8%B1-%D8%A8%D8%A7%D8%B2%DB%8C-%D9%87%D8%A7%DB%8C-ps3-%D8%B1%D9%88%DB%8C-rpcs3/" "Mozilla/5.0 (Linux; Android 12; SAMSUNG SM-A115F) AppleWebKit/537.36 (KHTML, like Gecko) SamsungBrowser/19.0 Chrome/102.0.5005.125 Mobile Safari/537.36"
83.120.159.138 - - [16/Mar/2024:18:16:19 +0330] "GET /wp-content/uploads/RPCS3_LOGO-720x720.jpg HTTP/2" 200 15733 "https://www.gamefaq.ir/%D8%A7%D8%AC%D8%B1%D8%A7%DB%8C-%D8%A8%D9%87%D8%AA%D8%B1-%D8%A8%D8%A7%D8%B2%DB%8C-%D9%87%D8%A7%DB%8C-ps3-%D8%B1%D9%88%DB%8C-rpcs3/" "Mozilla/5.0 (Linux; Android 12; SAMSUNG SM-A115F) AppleWebKit/537.36 (KHTML, like Gecko) SamsungBrowser/19.0 Chrome/102.0.5005.125 Mobile Safari/537.36"
83.120.159.138 - - [16/Mar/2024:18:16:19 +0330] "POST /?ajax-request=jnews HTTP/2" 200 104 "https://www.gamefaq.ir/%D8%A7%D8%AC%D8%B1%D8%A7%DB%8C-%D8%A8%D9%87%D8%AA%D8%B1-%D8%A8%D8%A7%D8%B2%DB%8C-%D9%87%D8%A7%DB%8C-ps3-%D8%B1%D9%88%DB%8C-rpcs3/" "Mozilla/5.0 (Linux; Android 12; SAMSUNG SM-A115F) AppleWebKit/537.36 (KHTML, like Gecko) SamsungBrowser/19.0 Chrome/102.0.5005.125 Mobile Safari/537.36"
83.120.159.138 - - [16/Mar/2024:18:16:20 +0330] "GET /wp-content/uploads/cropped-GFAQ-Icon-1--192x192.png HTTP/2" 200 20891 "https://www.gamefaq.ir/%D8%A7%D8%AC%D8%B1%D8%A7%DB%8C-%D8%A8%D9%87%D8%AA%D8%B1-%D8%A8%D8%A7%D8%B2%DB%8C-%D9%87%D8%A7%DB%8C-ps3-%D8%B1%D9%88%DB%8C-rpcs3/" "Mozilla/5.0 (Linux; Android 12; SAMSUNG SM-A115F) AppleWebKit/537.36 (KHTML, like Gecko) SamsungBrowser/19.0 Chrome/102.0.5005.125 Mobile Safari/537.36"
83.120.159.138 - - [16/Mar/2024:18:16:20 +0330] "GET /wp-content/uploads/cropped-GFAQ-Icon-1--180x180.png HTTP/2" 200 24310 "https://www.gamefaq.ir/%D8%A7%D8%AC%D8%B1%D8%A7%DB%8C-%D8%A8%D9%87%D8%AA%D8%B1-%D8%A8%D8%A7%D8%B2%DB%8C-%D9%87%D8%A7%DB%8C-ps3-%D8%B1%D9%88%DB%8C-rpcs3/" "Mozilla/5.0 (Linux; Android 12; SAMSUNG SM-A115F) AppleWebKit/537.36 (KHTML, like Gecko) SamsungBrowser/19.0 Chrome/102.0.5005.125 Mobile Safari/537.36"
83.120.159.138 - - [16/Mar/2024:18:16:21 +0330] "GET /wp-content/uploads/RPCS3_LOGO.jpg HTTP/2" 200 16482 "https://www.gamefaq.ir/%D8%A7%D8%AC%D8%B1%D8%A7%DB%8C-%D8%A8%D9%87%D8%AA%D8%B1-%D8%A8%D8%A7%D8%B2%DB%8C-%D9%87%D8%A7%DB%8C-ps3-%D8%B1%D9%88%DB%8C-rpcs3/" "Mozilla/5.0 (Linux; Android 12; SAMSUNG SM-A115F) AppleWebKit/537.36 (KHTML, like Gecko) SamsungBrowser/19.0 Chrome/102.0.5005.125 Mobile Safari/537.36"
83.120.159.138 - - [16/Mar/2024:18:16:20 +0330] "POST /wp-admin/admin-ajax.php HTTP/2" 200 1967 "https://www.gamefaq.ir/%D8%A7%D8%AC%D8%B1%D8%A7%DB%8C-%D8%A8%D9%87%D8%AA%D8%B1-%D8%A8%D8%A7%D8%B2%DB%8C-%D9%87%D8%A7%DB%8C-ps3-%D8%B1%D9%88%DB%8C-rpcs3/" "Mozilla/5.0 (Linux; Android 12; SAMSUNG SM-A115F) AppleWebKit/537.36 (KHTML, like Gecko) SamsungBrowser/19.0 Chrome/102.0.5005.125 Mobile Safari/537.36"
83.120.159.138 - - [16/Mar/2024:18:16:22 +0330] "POST /?ajax-request=jnews HTTP/2" 200 103 "https://www.gamefaq.ir/%d8%a7%d8%ac%d8%b1%d8%a7%db%8c-%d8%a8%d9%87%d8%aa%d8%b1-%d8%a8%d8%a7%d8%b2%db%8c-%d9%87%d8%a7%db%8c-ps3-%d8%b1%d9%88%db%8c-rpcs3/" "Mozilla/5.0 (Linux; Android 12; SAMSUNG SM-A115F) AppleWebKit/537.36 (KHTML, like Gecko) SamsungBrowser/19.0 Chrome/102.0.5005.125 Mobile Safari/537.36"
23.88.8.221 - - [16/Mar/2024:18:16:44 +0330] "POST /wp-cron.php?doing_wp_cron=1710600404.7108190059661865234375 HTTP/1.1" 200 0 "-" "61dQxBPZx3v3"
5.237.60.183 - - [16/Mar/2024:18:14:50 +0330] "GET /titan-mode-in-shadow-figh-2/ HTTP/2" 200 49309 "https://www.google.com/" "Mozilla/5.0 (Linux; Android 11; SAMSUNG SM-T295) AppleWebKit/537.36 (KHTML, like Gecko) SamsungBrowser/23.0 Chrome/115.0.0.0 Safari/537.36"
5.237.60.183 - - [16/Mar/2024:18:14:52 +0330] "POST /?ajax-request=jnews HTTP/2" 200 105 "https://www.gamefaq.ir/titan-mode-in-shadow-figh-2/" "Mozilla/5.0 (Linux; Android 11; SAMSUNG SM-T295) AppleWebKit/537.36 (KHTML, like Gecko) SamsungBrowser/23.0 Chrome/115.0.0.0 Safari/537.36"
151.242.130.103 - - [16/Mar/2024:18:14:52 +0330] "GET /titan-mode-in-shadow-figh-2/ HTTP/1.1" 200 45233 "https://www.google.com/" "Mozilla/5.0 (Linux; Android 10; K) AppleWebKit/537.36 (KHTML, like Gecko) Chrome/119.0.0.0 Mobile Safari/537.36"
5.237.60.183 - - [16/Mar/2024:18:14:53 +0330] "POST /wp-admin/admin-ajax.php HTTP/2" 200 3301 "https://www.gamefaq.ir/titan-mode-in-shadow-figh-2/" "Mozilla/5.0 (Linux; Android 11; SAMSUNG SM-T295) AppleWebKit/537.36 (KHTML, like Gecko) SamsungBrowser/23.0 Chrome/115.0.0.0 Safari/537.36"
151.242.130.103 - - [16/Mar/2024:18:14:59 +0330] "POST /?ajax-request=jnews HTTP/1.1" 200 105 "https://www.gamefaq.ir/titan-mode-in-shadow-figh-2/" "Mozilla/5.0 (Linux; Android 10; K) AppleWebKit/537.36 (KHTML, like Gecko) Chrome/119.0.0.0 Mobile Safari/537.36"
151.242.130.103 - - [16/Mar/2024:18:15:00 +0330] "POST /wp-admin/admin-ajax.php HTTP/1.1" 200 3301 "https://www.gamefaq.ir/titan-mode-in-shadow-figh-2/" "Mozilla/5.0 (Linux; Android 10; K) AppleWebKit/537.36 (KHTML, like Gecko) Chrome/119.0.0.0 Mobile Safari/537.36"
23.88.8.221 - - [16/Mar/2024:18:15:03 +0330] "POST /wp-cron.php?doing_wp_cron=1710600303.4383499622344970703125 HTTP/1.1" 200 0 "-" "adoEzl7ekyut"
5.237.60.183 - - [16/Mar/2024:18:15:02 +0330] "GET /super-magic-mod-in-shadow-fight-2/ HTTP/2" 200 48879 "https://www.gamefaq.ir/titan-mode-in-shadow-figh-2/" "Mozilla/5.0 (Linux; Android 11; SAMSUNG SM-T295) AppleWebKit/537.36 (KHTML, like Gecko) SamsungBrowser/23.0 Chrome/115.0.0.0 Safari/537.36"
5.237.60.183 - - [16/Mar/2024:18:15:04 +0330] "GET /wp-content/uploads/shadow-fight-2-super-magic-mod-768x483.jpg HTTP/2" 200 62523 "https://www.gamefaq.ir/super-magic-mod-in-shadow-fight-2/" "Mozilla/5.0 (Linux; Android 11; SAMSUNG SM-T295) AppleWebKit/537.36 (KHTML, like Gecko) SamsungBrowser/23.0 Chrome/115.0.0.0 Safari/537.36"
5.237.60.183 - - [16/Mar/2024:18:15:05 +0330] "POST /?ajax-request=jnews HTTP/2" 200 103 "https://www.gamefaq.ir/super-magic-mod-in-shadow-fight-2/" "Mozilla/5.0 (Linux; Android 11; SAMSUNG SM-T295) AppleWebKit/537.36 (KHTML, like Gecko) SamsungBrowser/23.0 Chrome/115.0.0.0 Safari/537.36"
5.237.60.183 - - [16/Mar/2024:18:15:06 +0330] "POST /wp-admin/admin-ajax.php HTTP/2" 200 4499 "https://www.gamefaq.ir/super-magic-mod-in-shadow-fight-2/" "Mozilla/5.0 (Linux; Android 11; SAMSUNG SM-T295) AppleWebKit/537.36 (KHTML, like Gecko) SamsungBrowser/23.0 Chrome/115.0.0.0 Safari/537.36"
5.237.60.183 - - [16/Mar/2024:18:15:10 +0330] "GET /wp-content/uploads/shadow-fight-2-super-magic-mod.jpg HTTP/2" 200 42054 "https://www.gamefaq.ir/super-magic-mod-in-shadow-fight-2/" "Mozilla/5.0 (Linux; Android 11; SAMSUNG SM-T295) AppleWebKit/537.36 (KHTML, like Gecko) SamsungBrowser/23.0 Chrome/115.0.0.0 Safari/537.36"
212.33.203.165 - - [16/Mar/2024:18:15:24 +0330] "GET / HTTP/1.1" 301 0 "-" "Go-http-client/1.1"
212.33.203.165 - - [16/Mar/2024:18:15:25 +0330] "GET / HTTP/2" 200 59995 "http://gamefaq.ir" "Go-http-client/2.0"
23.88.8.221 - - [16/Mar/2024:18:15:51 +0330] "POST /wp-cron.php?doing_wp_cron=1710600351.0717680454254150390625 HTTP/1.1" 200 0 "-" "5sX2Wonjywxs"
23.88.8.221 - - [16/Mar/2024:18:16:03 +0330] "POST /wp-cron.php?doing_wp_cron=1710600363.1509490013122558593750 HTTP/1.1" 200 0 "-" "iT9RXCl0Vgh3"
23.88.8.221 - - [16/Mar/2024:18:16:11 +0330] "POST /wp-cron.php?doing_wp_cron=1710600371.2225248813629150390625 HTTP/1.1" 200 0 "-" "NuAKUJ63AmSB"
5.237.60.183 - - [16/Mar/2024:18:16:44 +0330] "GET /titan-mode-in-shadow-figh-2/ HTTP/2" 200 49275 "https://www.gamefaq.ir/super-magic-mod-in-shadow-fight-2/" "Mozilla/5.0 (Linux; Android 11; SAMSUNG SM-T295) AppleWebKit/537.36 (KHTML, like Gecko) SamsungBrowser/23.0 Chrome/115.0.0.0 Safari/537.36"
5.237.60.183 - - [16/Mar/2024:18:16:47 +0330] "POST /?ajax-request=jnews HTTP/2" 200 105 "https://www.gamefaq.ir/titan-mode-in-shadow-figh-2/" "Mozilla/5.0 (Linux; Android 11; SAMSUNG SM-T295) AppleWebKit/537.36 (KHTML, like Gecko) SamsungBrowser/23.0 Chrome/115.0.0.0 Safari/537.36"
5.237.60.183 - - [16/Mar/2024:18:16:48 +0330] "POST /wp-admin/admin-ajax.php HTTP/2" 200 3301 "https://www.gamefaq.ir/titan-mode-in-shadow-figh-2/" "Mozilla/5.0 (Linux; Android 11; SAMSUNG SM-T295) AppleWebKit/537.36 (KHTML, like Gecko) SamsungBrowser/23.0 Chrome/115.0.0.0 Safari/537.36"
5.212.75.239 - - [16/Mar/2024:18:17:26 +0330] "GET /wp-includes/css/dashicons.min.css?ver=6.4.3 HTTP/2" 200 35110 "-" "Mozilla/5.0 (Linux; Android 10; K) AppleWebKit/537.36 (KHTML, like Gecko) Chrome/122.0.0.0 Mobile Safari/537.36"
5.212.75.239 - - [16/Mar/2024:18:17:26 +0330] "GET /wp-content/plugins/menu-icons/css/extra.min.css?ver=0.13.1 HTTP/2" 200 271 "-" "Mozilla/5.0 (Linux; Android 10; K) AppleWebKit/537.36 (KHTML, like Gecko) Chrome/122.0.0.0 Mobile Safari/537.36"
5.212.75.239 - - [16/Mar/2024:18:17:26 +0330] "GET /wp-includes/css/dist/block-library/style-rtl.min.css?ver=6.4.3 HTTP/2" 200 13581 "-" "Mozilla/5.0 (Linux; Android 10; K) AppleWebKit/537.36 (KHTML, like Gecko) Chrome/122.0.0.0 Mobile Safari/537.36"
5.212.75.239 - - [16/Mar/2024:18:17:27 +0330] "GET /wp-content/plugins/jnews-video/assets/css/plugin.css?ver=10.0.0 HTTP/2" 200 4526 "-" "Mozilla/5.0 (Linux; Android 10; K) AppleWebKit/537.36 (KHTML, like Gecko) Chrome/122.0.0.0 Mobile Safari/537.36"
5.212.75.239 - - [16/Mar/2024:18:17:27 +0330] "GET /wp-content/plugins/jnews-video/assets/css/darkmode.css?ver=10.0.0 HTTP/2" 200 939 "-" "Mozilla/5.0 (Linux; Android 10; K) AppleWebKit/537.36 (KHTML, like Gecko) Chrome/122.0.0.0 Mobile Safari/537.36"
5.212.75.239 - - [16/Mar/2024:18:17:27 +0330] "GET /wp-content/plugins/wpdiscuz/themes/default/style-rtl.css?ver=7.3.4 HTTP/2" 200 18511 "-" "Mozilla/5.0 (Linux; Android 10; K) AppleWebKit/537.36 (KHTML, like Gecko) Chrome/122.0.0.0 Mobile Safari/537.36"
5.212.75.239 - - [16/Mar/2024:18:17:27 +0330] "GET /wp-content/plugins/wpdiscuz/assets/third-party/font-awesome-5.13.0/css/fa.min.css?ver=7.3.4 HTTP/2" 200 2326 "-" "Mozilla/5.0 (Linux; Android 10; K) AppleWebKit/537.36 (KHTML, like Gecko) Chrome/122.0.0.0 Mobile Safari/537.36"
5.212.75.239 - - [16/Mar/2024:18:17:27 +0330] "GET /wp-content/plugins/wpdiscuz/assets/css/wpdiscuz-combo-no_quill.min.css?ver=6.4.3 HTTP/2" 200 3092 "-" "Mozilla/5.0 (Linux; Android 10; K) AppleWebKit/537.36 (KHTML, like Gecko) Chrome/122.0.0.0 Mobile Safari/537.36"
5.212.75.239 - - [16/Mar/2024:18:17:27 +0330] "GET /wp-content/plugins/jnews-split/assets/css/splitpost.css HTTP/2" 200 2205 "-" "Mozilla/5.0 (Linux; Android 10; K) AppleWebKit/537.36 (KHTML, like Gecko) Chrome/122.0.0.0 Mobile Safari/537.36"
5.212.75.239 - - [16/Mar/2024:18:17:27 +0330] "GET /wp-content/plugins/jnews-split/assets/css/splitpost-toc.css HTTP/2" 200 898 "-" "Mozilla/5.0 (Linux; Android 10; K) AppleWebKit/537.36 (KHTML, like Gecko) Chrome/122.0.0.0 Mobile Safari/537.36"
23.88.8.221 - - [16/Mar/2024:18:17:27 +0330] "POST /wp-cron.php?doing_wp_cron=1710600447.5700030326843261718750 HTTP/1.1" 200 0 "-" "PKBM9ZUOh1pt"
5.212.75.239 - - [16/Mar/2024:18:17:26 +0330] "GET /download-free-fire/ HTTP/2" 200 46360 "https://www.google.com/" "Mozilla/5.0 (Linux; Android 10; K) AppleWebKit/537.36 (KHTML, like Gecko) Chrome/122.0.0.0 Mobile Safari/537.36"
5.212.75.239 - - [16/Mar/2024:18:17:27 +0330] "GET /wp-content/plugins/js_composer/assets/css/js_composer.min.css?ver=6.10.0 HTTP/1.1" 200 40525 "https://www.gamefaq.ir/download-free-fire/" "Mozilla/5.0 (Linux; Android 10; K) AppleWebKit/537.36 (KHTML, like Gecko) Chrome/122.0.0.0 Mobile Safari/537.36"
5.212.75.239 - - [16/Mar/2024:18:17:27 +0330] "GET /wp-content/plugins/elementor/assets/css/frontend-legacy-rtl.min.css?ver=3.4.6 HTTP/1.1" 200 445 "https://www.gamefaq.ir/download-free-fire/" "Mozilla/5.0 (Linux; Android 10; K) AppleWebKit/537.36 (KHTML, like Gecko) Chrome/122.0.0.0 Mobile Safari/537.36"
5.212.75.239 - - [16/Mar/2024:18:17:27 +0330] "GET /wp-content/themes/jnews/rtl-default-font.css HTTP/1.1" 200 416 "https://www.gamefaq.ir/download-free-fire/" "Mozilla/5.0 (Linux; Android 10; K) AppleWebKit/537.36 (KHTML, like Gecko) Chrome/122.0.0.0 Mobile Safari/537.36"
5.212.75.239 - - [16/Mar/2024:18:17:27 +0330] "GET /wp-content/themes/jnews/assets/css/js-composer-frontend.css?ver=11.1.3 HTTP/1.1" 200 250 "https://www.gamefaq.ir/download-free-fire/" "Mozilla/5.0 (Linux; Android 10; K) AppleWebKit/537.36 (KHTML, like Gecko) Chrome/122.0.0.0 Mobile Safari/537.36"
5.212.75.239 - - [16/Mar/2024:18:17:27 +0330] "GET /wp-content/themes/jnews/assets/css/elementor-frontend.css?ver=11.1.3 HTTP/1.1" 200 152 "https://www.gamefaq.ir/download-free-fire/" "Mozilla/5.0 (Linux; Android 10; K) AppleWebKit/537.36 (KHTML, like Gecko) Chrome/122.0.0.0 Mobile Safari/537.36"
5.212.75.239 - - [16/Mar/2024:18:17:27 +0330] "GET /wp-content/themes/jnews/style.css?ver=11.1.3 HTTP/1.1" 200 219 "https://www.gamefaq.ir/download-free-fire/" "Mozilla/5.0 (Linux; Android 10; K) AppleWebKit/537.36 (KHTML, like Gecko) Chrome/122.0.0.0 Mobile Safari/537.36"
5.212.75.239 - - [16/Mar/2024:18:17:27 +0330] "GET /wp-content/themes/jnews/data/import/game/scheme.css?ver=11.1.3 HTTP/1.1" 200 654 "https://www.gamefaq.ir/download-free-fire/" "Mozilla/5.0 (Linux; Android 10; K) AppleWebKit/537.36 (KHTML, like Gecko) Chrome/122.0.0.0 Mobile Safari/537.36"
5.212.75.239 - - [16/Mar/2024:18:17:27 +0330] "GET /wp-content/plugins/jnews-social-share/assets/css/plugin.css HTTP/1.1" 200 374 "https://www.gamefaq.ir/download-free-fire/" "Mozilla/5.0 (Linux; Android 10; K) AppleWebKit/537.36 (KHTML, like Gecko) Chrome/122.0.0.0 Mobile Safari/537.36"
5.212.75.239 - - [16/Mar/2024:18:17:27 +0330] "GET /wp-content/themes/jnews/assets/img/jeg-empty.png HTTP/1.1" 200 70 "https://www.gamefaq.ir/download-free-fire/" "Mozilla/5.0 (Linux; Android 10; K) AppleWebKit/537.36 (KHTML, like Gecko) Chrome/122.0.0.0 Mobile Safari/537.36"
5.212.75.239 - - [16/Mar/2024:18:17:27 +0330] "GET /wp-content/plugins/elementor/assets/css/frontend-rtl.min.css?ver=3.4.6 HTTP/1.1" 200 16505 "https://www.gamefaq.ir/download-free-fire/" "Mozilla/5.0 (Linux; Android 10; K) AppleWebKit/537.36 (KHTML, like Gecko) Chrome/122.0.0.0 Mobile Safari/537.36"
5.212.75.239 - - [16/Mar/2024:18:17:27 +0330] "GET /wp-content/themes/jnews/assets/dist/frontend.min.css?ver=11.1.3 HTTP/1.1" 200 89566 "https://www.gamefaq.ir/download-free-fire/" "Mozilla/5.0 (Linux; Android 10; K) AppleWebKit/537.36 (KHTML, like Gecko) Chrome/122.0.0.0 Mobile Safari/537.36"
5.212.75.239 - - [16/Mar/2024:18:17:27 +0330] "GET /wp-content/themes/jnews/assets/css/darkmode.css?ver=11.1.3 HTTP/1.1" 200 6698 "https://www.gamefaq.ir/download-free-fire/" "Mozilla/5.0 (Linux; Android 10; K) AppleWebKit/537.36 (KHTML, like Gecko) Chrome/122.0.0.0 Mobile Safari/537.36"
5.212.75.239 - - [16/Mar/2024:18:17:27 +0330] "GET /wp-content/themes/jnews/assets/css/rtl.css?ver=11.1.3 HTTP/1.1" 200 4668 "https://www.gamefaq.ir/download-free-fire/" "Mozilla/5.0 (Linux; Android 10; K) AppleWebKit/537.36 (KHTML, like Gecko) Chrome/122.0.0.0 Mobile Safari/537.36"
5.212.75.239 - - [16/Mar/2024:18:17:27 +0330] "GET /wp-content/uploads/smile_fonts/Defaults/Defaults.css?ver=3.19.7 HTTP/1.1" 200 4453 "https://www.gamefaq.ir/download-free-fire/" "Mozilla/5.0 (Linux; Android 10; K) AppleWebKit/537.36 (KHTML, like Gecko) Chrome/122.0.0.0 Mobile Safari/537.36"
5.212.75.239 - - [16/Mar/2024:18:17:27 +0330] "GET /wp-content/themes/jnews/rtl.css HTTP/1.1" 200 3753 "https://www.gamefaq.ir/download-free-fire/" "Mozilla/5.0 (Linux; Android 10; K) AppleWebKit/537.36 (KHTML, like Gecko) Chrome/122.0.0.0 Mobile Safari/537.36"
5.212.75.239 - - [16/Mar/2024:18:17:27 +0330] "GET /wp-includes/js/jquery/jquery.min.js?ver=3.7.1 HTTP/1.1" 200 29744 "https://www.gamefaq.ir/download-free-fire/" "Mozilla/5.0 (Linux; Android 10; K) AppleWebKit/537.36 (KHTML, like Gecko) Chrome/122.0.0.0 Mobile Safari/537.36"
5.212.75.239 - - [16/Mar/2024:18:17:27 +0330] "GET /wp-includes/js/jquery/jquery-migrate.min.js?ver=3.4.1 HTTP/1.1" 200 4678 "https://www.gamefaq.ir/download-free-fire/" "Mozilla/5.0 (Linux; Android 10; K) AppleWebKit/537.36 (KHTML, like Gecko) Chrome/122.0.0.0 Mobile Safari/537.36"
5.212.75.239 - - [16/Mar/2024:18:17:27 +0330] "GET /wp-content/plugins/wp-statistics/assets/js/tracker.js?ver=6.4.3 HTTP/1.1" 200 3215 "https://www.gamefaq.ir/download-free-fire/" "Mozilla/5.0 (Linux; Android 10; K) AppleWebKit/537.36 (KHTML, like Gecko) Chrome/122.0.0.0 Mobile Safari/537.36"
5.212.75.239 - - [16/Mar/2024:18:17:27 +0330] "GET /wp-content/themes/jnews/assets/dist/font/fontawesome-webfont.woff2 HTTP/1.1" 200 77160 "https://www.gamefaq.ir/download-free-fire/" "Mozilla/5.0 (Linux; Android 10; K) AppleWebKit/537.36 (KHTML, like Gecko) Chrome/122.0.0.0 Mobile Safari/537.36"
5.212.75.239 - - [16/Mar/2024:18:17:28 +0330] "GET /wp-content/themes/jnews/assets/dist/font/jegicon.woff HTTP/1.1" 200 7144 "https://www.gamefaq.ir/download-free-fire/" "Mozilla/5.0 (Linux; Android 10; K) AppleWebKit/537.36 (KHTML, like Gecko) Chrome/122.0.0.0 Mobile Safari/537.36"
5.212.75.239 - - [16/Mar/2024:18:17:27 +0330] "GET /wp-content/uploads/GameFAQ-Logo.png HTTP/1.1" 200 12704 "https://www.gamefaq.ir/download-free-fire/" "Mozilla/5.0 (Linux; Android 10; K) AppleWebKit/537.36 (KHTML, like Gecko) Chrome/122.0.0.0 Mobile Safari/537.36"
5.212.75.239 - - [16/Mar/2024:18:17:28 +0330] "GET /wp-content/uploads/Download-Freefire-for-windows-GameFAQ.ir_-1024x576.jpg HTTP/1.1" 200 82590 "https://www.gamefaq.ir/download-free-fire/" "Mozilla/5.0 (Linux; Android 10; K) AppleWebKit/537.36 (KHTML, like Gecko) Chrome/122.0.0.0 Mobile Safari/537.36"
5.212.75.239 - - [16/Mar/2024:18:17:28 +0330] "GET /wp-content/plugins/js_composer/assets/lib/bower/font-awesome/css/v4-shims.min.css?ver=6.10.0 HTTP/1.1" 200 3952 "https://www.gamefaq.ir/download-free-fire/" "Mozilla/5.0 (Linux; Android 10; K) AppleWebKit/537.36 (KHTML, like Gecko) Chrome/122.0.0.0 Mobile Safari/537.36"
5.212.75.239 - - [16/Mar/2024:18:17:28 +0330] "GET /wp-content/plugins/js_composer/assets/lib/bower/font-awesome/css/all.min.css?ver=6.10.0 HTTP/1.1" 200 11728 "https://www.gamefaq.ir/download-free-fire/" "Mozilla/5.0 (Linux; Android 10; K) AppleWebKit/537.36 (KHTML, like Gecko) Chrome/122.0.0.0 Mobile Safari/537.36"
5.212.75.239 - - [16/Mar/2024:18:17:28 +0330] "GET /wp-content/plugins/brave-popup-builder/assets/css/frontend.min.css?ver=6.4.3 HTTP/1.1" 200 7889 "https://www.gamefaq.ir/download-free-fire/" "Mozilla/5.0 (Linux; Android 10; K) AppleWebKit/537.36 (KHTML, like Gecko) Chrome/122.0.0.0 Mobile Safari/537.36"
5.212.75.239 - - [16/Mar/2024:18:17:28 +0330] "GET /wp-content/plugins/revslider/public/assets/css/rs6.css?ver=6.5.8 HTTP/1.1" 200 11758 "https://www.gamefaq.ir/download-free-fire/" "Mozilla/5.0 (Linux; Android 10; K) AppleWebKit/537.36 (KHTML, like Gecko) Chrome/122.0.0.0 Mobile Safari/537.36"
5.212.75.239 - - [16/Mar/2024:18:17:28 +0330] "GET /wp-includes/js/jquery/ui/core.min.js?ver=1.13.2 HTTP/1.1" 200 6801 "https://www.gamefaq.ir/download-free-fire/" "Mozilla/5.0 (Linux; Android 10; K) AppleWebKit/537.36 (KHTML, like Gecko) Chrome/122.0.0.0 Mobile Safari/537.36"
5.212.75.239 - - [16/Mar/2024:18:17:28 +0330] "GET /wp-includes/js/jquery/ui/mouse.min.js?ver=1.13.2 HTTP/1.1" 200 1001 "https://www.gamefaq.ir/download-free-fire/" "Mozilla/5.0 (Linux; Android 10; K) AppleWebKit/537.36 (KHTML, like Gecko) Chrome/122.0.0.0 Mobile Safari/537.36"
5.212.75.239 - - [16/Mar/2024:18:17:28 +0330] "GET /wp-includes/js/jquery/ui/sortable.min.js?ver=1.13.2 HTTP/1.1" 200 6333 "https://www.gamefaq.ir/download-free-fire/" "Mozilla/5.0 (Linux; Android 10; K) AppleWebKit/537.36 (KHTML, like Gecko) Chrome/122.0.0.0 Mobile Safari/537.36"
5.212.75.239 - - [16/Mar/2024:18:17:28 +0330] "GET /wp-content/plugins/jnews-frontend-submit/assets/js/frontend.js?ver=10.0.0 HTTP/1.1" 200 432 "https://www.gamefaq.ir/download-free-fire/" "Mozilla/5.0 (Linux; Android 10; K) AppleWebKit/537.36 (KHTML, like Gecko) Chrome/122.0.0.0 Mobile Safari/537.36"
5.212.75.239 - - [16/Mar/2024:18:17:28 +0330] "GET /wp-content/plugins/jnews-auto-load-post/assets/js/jquery.autoload.js HTTP/1.1" 200 1215 "https://www.gamefaq.ir/download-free-fire/" "Mozilla/5.0 (Linux; Android 10; K) AppleWebKit/537.36 (KHTML, like Gecko) Chrome/122.0.0.0 Mobile Safari/537.36"
5.212.75.239 - - [16/Mar/2024:18:17:28 +0330] "GET /wp-content/plugins/jnews-video/assets/js/supposition.js?ver=10.0.0 HTTP/1.1" 200 528 "https://www.gamefaq.ir/download-free-fire/" "Mozilla/5.0 (Linux; Android 10; K) AppleWebKit/537.36 (KHTML, like Gecko) Chrome/122.0.0.0 Mobile Safari/537.36"
5.212.75.239 - - [16/Mar/2024:18:17:28 +0330] "GET /wp-content/plugins/jnews-video/assets/js/plugin.js?ver=10.0.0 HTTP/1.1" 200 4306 "https://www.gamefaq.ir/download-free-fire/" "Mozilla/5.0 (Linux; Android 10; K) AppleWebKit/537.36 (KHTML, like Gecko) Chrome/122.0.0.0 Mobile Safari/537.36"
5.212.75.239 - - [16/Mar/2024:18:17:28 +0330] "GET /wp-content/plugins/wpdiscuz/assets/js/wpdiscuz-combo-no_quill.min.js?ver=7.3.4 HTTP/1.1" 200 21967 "https://www.gamefaq.ir/download-free-fire/" "Mozilla/5.0 (Linux; Android 10; K) AppleWebKit/537.36 (KHTML, like Gecko) Chrome/122.0.0.0 Mobile Safari/537.36"
5.212.75.239 - - [16/Mar/2024:18:17:28 +0330] "GET /wp-content/themes/jnews/assets/dist/frontend.min.js?ver=11.1.3 HTTP/1.1" 200 83913 "https://www.gamefaq.ir/download-free-fire/" "Mozilla/5.0 (Linux; Android 10; K) AppleWebKit/537.36 (KHTML, like Gecko) Chrome/122.0.0.0 Mobile Safari/537.36"
5.212.75.239 - - [16/Mar/2024:18:17:28 +0330] "GET /wp-content/plugins/jnews-split/assets/js/jquery.split.js HTTP/1.1" 200 2670 "https://www.gamefaq.ir/download-free-fire/" "Mozilla/5.0 (Linux; Android 10; K) AppleWebKit/537.36 (KHTML, like Gecko) Chrome/122.0.0.0 Mobile Safari/537.36"
5.212.75.239 - - [16/Mar/2024:18:17:28 +0330] "GET /wp-includes/js/hoverIntent.min.js?ver=1.10.2 HTTP/1.1" 200 668 "https://www.gamefaq.ir/download-free-fire/" "Mozilla/5.0 (Linux; Android 10; K) AppleWebKit/537.36 (KHTML, like Gecko) Chrome/122.0.0.0 Mobile Safari/537.36"
5.212.75.239 - - [16/Mar/2024:18:17:28 +0330] "GET /wp-includes/js/imagesloaded.min.js?ver=5.0.0 HTTP/1.1" 200 1687 "https://www.gamefaq.ir/download-free-fire/" "Mozilla/5.0 (Linux; Android 10; K) AppleWebKit/537.36 (KHTML, like Gecko) Chrome/122.0.0.0 Mobile Safari/537.36"
5.212.75.239 - - [16/Mar/2024:18:17:28 +0330] "GET /wp-content/plugins/jnews-like/assets/js/plugin.js?ver=10.0.0 HTTP/1.1" 200 852 "https://www.gamefaq.ir/download-free-fire/" "Mozilla/5.0 (Linux; Android 10; K) AppleWebKit/537.36 (KHTML, like Gecko) Chrome/122.0.0.0 Mobile Safari/537.36"
5.212.75.239 - - [16/Mar/2024:18:17:28 +0330] "GET /wp-content/plugins/jnews-social-share/assets/js/plugin.js HTTP/1.1" 200 1186 "https://www.gamefaq.ir/download-free-fire/" "Mozilla/5.0 (Linux; Android 10; K) AppleWebKit/537.36 (KHTML, like Gecko) Chrome/122.0.0.0 Mobile Safari/537.36"
5.212.75.239 - - [16/Mar/2024:18:17:28 +0330] "GET /wp-content/plugins/js_composer/assets/js/dist/js_composer_front.min.js?ver=6.10.0 HTTP/1.1" 200 5359 "https://www.gamefaq.ir/download-free-fire/" "Mozilla/5.0 (Linux; Android 10; K) AppleWebKit/537.36 (KHTML, like Gecko) Chrome/122.0.0.0 Mobile Safari/537.36"
5.212.75.239 - - [16/Mar/2024:18:17:28 +0330] "GET /wp-content/plugins/brave-popup-builder/assets/frontend/brave.js?ver=6.4.3 HTTP/1.1" 200 23565 "https://www.gamefaq.ir/download-free-fire/" "Mozilla/5.0 (Linux; Android 10; K) AppleWebKit/537.36 (KHTML, like Gecko) Chrome/122.0.0.0 Mobile Safari/537.36"
5.212.75.239 - - [16/Mar/2024:18:17:28 +0330] "GET /wp-content/plugins/revslider/public/assets/js/rbtools.min.js?ver=6.5.8 HTTP/1.1" 200 45555 "https://www.gamefaq.ir/download-free-fire/" "Mozilla/5.0 (Linux; Android 10; K) AppleWebKit/537.36 (KHTML, like Gecko) Chrome/122.0.0.0 Mobile Safari/537.36"
5.212.75.239 - - [16/Mar/2024:18:17:28 +0330] "GET /wp-content/plugins/revslider/public/assets/js/rs6.min.js?ver=6.5.8 HTTP/1.1" 200 94998 "https://www.gamefaq.ir/download-free-fire/" "Mozilla/5.0 (Linux; Android 10; K) AppleWebKit/537.36 (KHTML, like Gecko) Chrome/122.0.0.0 Mobile Safari/537.36"
5.212.75.239 - - [16/Mar/2024:18:17:28 +0330] "GET /wp-includes/js/comment-reply.min.js?ver=6.4.3 HTTP/1.1" 200 1228 "https://www.gamefaq.ir/download-free-fire/" "Mozilla/5.0 (Linux; Android 10; K) AppleWebKit/537.36 (KHTML, like Gecko) Chrome/122.0.0.0 Mobile Safari/537.36"
5.212.75.239 - - [16/Mar/2024:18:17:28 +0330] "GET /wp-content/themes/jnews/fonts/woff2/IRANSansWeb.woff2 HTTP/1.1" 200 29284 "https://www.gamefaq.ir/wp-content/themes/jnews/rtl-default-font.css" "Mozilla/5.0 (Linux; Android 10; K) AppleWebKit/537.36 (KHTML, like Gecko) Chrome/122.0.0.0 Mobile Safari/537.36"
5.212.75.239 - - [16/Mar/2024:18:17:28 +0330] "GET /wp-content/themes/jnews/assets/dist/image/preloader.gif HTTP/1.1" 200 4399 "https://www.gamefaq.ir/wp-content/themes/jnews/assets/dist/frontend.min.css?ver=11.1.3" "Mozilla/5.0 (Linux; Android 10; K) AppleWebKit/537.36 (KHTML, like Gecko) Chrome/122.0.0.0 Mobile Safari/537.36"
5.212.75.239 - - [16/Mar/2024:18:17:28 +0330] "GET /wp-content/plugins/wpdiscuz/assets/third-party/font-awesome-5.13.0/webfonts/fa-solid-900.woff2 HTTP/1.1" 200 79444 "https://www.gamefaq.ir/wp-content/plugins/wpdiscuz/assets/third-party/font-awesome-5.13.0/css/fa.min.css?ver=7.3.4" "Mozilla/5.0 (Linux; Android 10; K) AppleWebKit/537.36 (KHTML, like Gecko) Chrome/122.0.0.0 Mobile Safari/537.36"
5.212.75.239 - - [16/Mar/2024:18:17:28 +0330] "GET /wp-content/plugins/wpdiscuz/assets/third-party/font-awesome-5.13.0/webfonts/fa-regular-400.woff2 HTTP/1.1" 200 13584 "https://www.gamefaq.ir/wp-content/plugins/wpdiscuz/assets/third-party/font-awesome-5.13.0/css/fa.min.css?ver=7.3.4" "Mozilla/5.0 (Linux; Android 10; K) AppleWebKit/537.36 (KHTML, like Gecko) Chrome/122.0.0.0 Mobile Safari/537.36"
5.212.75.239 - - [16/Mar/2024:18:17:29 +0330] "GET /wp-content/plugins/js_composer/assets/lib/bower/font-awesome/webfonts/fa-brands-400.woff2 HTTP/1.1" 200 75368 "https://www.gamefaq.ir/wp-content/plugins/js_composer/assets/lib/bower/font-awesome/css/all.min.css?ver=6.10.0" "Mozilla/5.0 (Linux; Android 10; K) AppleWebKit/537.36 (KHTML, like Gecko) Chrome/122.0.0.0 Mobile Safari/537.36"
5.212.75.239 - - [16/Mar/2024:18:17:29 +0330] "GET /wp-content/plugins/js_composer/assets/lib/bower/font-awesome/webfonts/fa-solid-900.woff2 HTTP/1.1" 200 75760 "https://www.gamefaq.ir/wp-content/plugins/js_composer/assets/lib/bower/font-awesome/css/all.min.css?ver=6.10.0" "Mozilla/5.0 (Linux; Android 10; K) AppleWebKit/537.36 (KHTML, like Gecko) Chrome/122.0.0.0 Mobile Safari/537.36"
5.212.75.239 - - [16/Mar/2024:18:17:29 +0330] "GET /wp-content/plugins/js_composer/assets/lib/bower/font-awesome/webfonts/fa-regular-400.woff2 HTTP/1.1" 200 13564 "https://www.gamefaq.ir/wp-content/plugins/js_composer/assets/lib/bower/font-awesome/css/all.min.css?ver=6.10.0" "Mozilla/5.0 (Linux; Android 10; K) AppleWebKit/537.36 (KHTML, like Gecko) Chrome/122.0.0.0 Mobile Safari/537.36"
5.212.75.239 - - [16/Mar/2024:18:17:29 +0330] "GET /wp-content/uploads/Gameloop-download-GameFAQ.ir05-1024x576-1.jpg HTTP/1.1" 200 75598 "https://www.gamefaq.ir/download-free-fire/" "Mozilla/5.0 (Linux; Android 10; K) AppleWebKit/537.36 (KHTML, like Gecko) Chrome/122.0.0.0 Mobile Safari/537.36"
5.212.75.239 - - [16/Mar/2024:18:17:30 +0330] "GET /wp-content/uploads/extract-rar-with-winrar-05-GameFAQ.ir_.jpg HTTP/1.1" 200 17064 "https://www.gamefaq.ir/download-free-fire/" "Mozilla/5.0 (Linux; Android 10; K) AppleWebKit/537.36 (KHTML, like Gecko) Chrome/122.0.0.0 Mobile Safari/537.36"
66.249.70.98 - - [16/Mar/2024:18:16:49 +0330] "GET /best-superhero-games-for-android/ HTTP/1.1" 200 46228 "-" "Mozilla/5.0 (Linux; Android 6.0.1; Nexus 5X Build/MMB29P) AppleWebKit/537.36 (KHTML, like Gecko) Chrome/122.0.6261.94 Mobile Safari/537.36 (compatible; Googlebot/2.1; +http://www.google.com/bot.html)"
66.249.70.98 - - [16/Mar/2024:18:17:01 +0330] "GET /wp-content/plugins/jnews-split/assets/css/splitpost.css HTTP/1.1" 200 2205 "https://www.gamefaq.ir/best-superhero-games-for-android/" "Mozilla/5.0 (Linux; Android 6.0.1; Nexus 5X Build/MMB29P) AppleWebKit/537.36 (KHTML, like Gecko) Chrome/122.0.6261.94 Mobile Safari/537.36 (compatible; Googlebot/2.1; +http://www.google.com/bot.html)"
23.88.8.221 - - [16/Mar/2024:18:17:41 +0330] "POST /wp-cron.php?doing_wp_cron=1710600461.7852389812469482421875 HTTP/1.1" 200 0 "-" "4SQM99qhyyKi"
89.149.87.87 - - [16/Mar/2024:18:17:50 +0330] "POST /voice-video-calls-software/ HTTP/1.0" 200 316232 "http://www.gamefaq.ir/voice-video-calls-software/" "Mozilla/5.0 (Windows NT 10.0; Win64; x64) AppleWebKit/537.36 (KHTML, like Gecko) Chrome/120.0.6099.71 Safari/537.36"
47.128.43.143 - - [16/Mar/2024:18:18:17 +0330] "GET / HTTP/2" 200 59827 "-" "Mozilla/5.0 (Linux; Android 5.0) AppleWebKit/537.36 (KHTML, like Gecko) Mobile Safari/537.36 (compatible; Bytespider; spider-feedback@bytedance.com)"
47.128.43.143 - - [16/Mar/2024:18:18:18 +0330] "GET /wp-content/uploads/GameFAQ-Logo.png HTTP/2" 200 12704 "https://www.gamefaq.ir/" "Mozilla/5.0 (Linux; Android 5.0) AppleWebKit/537.36 (KHTML, like Gecko) Mobile Safari/537.36 (compatible; Bytespider; spider-feedback@bytedance.com)"
47.128.43.143 - - [16/Mar/2024:18:18:19 +0330] "GET /wp-content/themes/jnews/assets/img/jeg-empty.png HTTP/2" 200 70 "https://www.gamefaq.ir/" "Mozilla/5.0 (Linux; Android 5.0) AppleWebKit/537.36 (KHTML, like Gecko) Mobile Safari/537.36 (compatible; Bytespider; spider-feedback@bytedance.com)"
47.128.43.143 - - [16/Mar/2024:18:18:21 +0330] "GET /wp-content/uploads/battlefield-2042-playtesting-GameFAQ.ir_.jpg HTTP/2" 200 60291 "https://www.gamefaq.ir/" "Mozilla/5.0 (Linux; Android 5.0) AppleWebKit/537.36 (KHTML, like Gecko) Mobile Safari/537.36 (compatible; Bytespider; spider-feedback@bytedance.com)"
151.242.130.103 - - [16/Mar/2024:18:18:31 +0330] "POST /?ajax-request=jnews HTTP/1.1" 200 105 "https://www.gamefaq.ir/titan-mode-in-shadow-figh-2/" "Mozilla/5.0 (Linux; Android 10; K) AppleWebKit/537.36 (KHTML, like Gecko) Chrome/119.0.0.0 Mobile Safari/537.36"
151.242.130.103 - - [16/Mar/2024:18:18:31 +0330] "POST /wp-admin/admin-ajax.php HTTP/1.1" 200 3301 "https://www.gamefaq.ir/titan-mode-in-shadow-figh-2/" "Mozilla/5.0 (Linux; Android 10; K) AppleWebKit/537.36 (KHTML, like Gecko) Chrome/119.0.0.0 Mobile Safari/537.36"
66.249.70.96 - - [16/Mar/2024:18:18:36 +0330] "GET /wp-content/uploads/how-to-uninstall-gameloop01-GameFAQ.ir_.jpg HTTP/1.1" 304 0 "-" "Googlebot-Image/1.0"
5.212.75.239 - - [16/Mar/2024:18:18:49 +0330] "GET /tag/%d8%af%d8%a7%d9%86%d9%84%d9%88%d8%af-freefire-%d8%a8%d8%b1%d8%a7%db%8c-%da%a9%d8%a7%d9%85%d9%be%db%8c%d9%88%d8%aa%d8%b1/ HTTP/1.1" 200 33383 "https://www.gamefaq.ir/download-free-fire/" "Mozilla/5.0 (Linux; Android 10; K) AppleWebKit/537.36 (KHTML, like Gecko) Chrome/122.0.0.0 Mobile Safari/537.36"
23.88.8.221 - - [16/Mar/2024:18:19:18 +0330] "POST /wp-cron.php?doing_wp_cron=1710600558.3691990375518798828125 HTTP/1.1" 200 0 "-" "phkJVS3qliCh"
151.242.130.103 - - [16/Mar/2024:18:19:30 +0330] "GET /titan-mode-in-shadow-figh-2/ HTTP/1.1" 200 45309 "https://www.google.com/" "Mozilla/5.0 (Linux; Android 10; K) AppleWebKit/537.36 (KHTML, like Gecko) Chrome/119.0.0.0 Mobile Safari/537.36"
23.88.8.221 - - [16/Mar/2024:18:19:40 +0330] "POST /wp-cron.php?doing_wp_cron=1710600580.5164930820465087890625 HTTP/1.1" 200 0 "-" "ROGJAoSJ435o"
151.242.130.103 - - [16/Mar/2024:18:19:39 +0330] "POST /?ajax-request=jnews HTTP/1.1" 200 105 "https://www.gamefaq.ir/titan-mode-in-shadow-figh-2/" "Mozilla/5.0 (Linux; Android 10; K) AppleWebKit/537.36 (KHTML, like Gecko) Chrome/119.0.0.0 Mobile Safari/537.36"
5.212.75.239 - - [16/Mar/2024:18:17:29 +0330] "POST /?ajax-request=jnews HTTP/1.1" 200 104 "https://www.gamefaq.ir/download-free-fire/" "Mozilla/5.0 (Linux; Android 10; K) AppleWebKit/537.36 (KHTML, like Gecko) Chrome/122.0.0.0 Mobile Safari/537.36"
5.212.75.239 - - [16/Mar/2024:18:17:30 +0330] "GET /wp-content/uploads/cropped-GFAQ-Icon-1--192x192.png HTTP/1.1" 200 20891 "https://www.gamefaq.ir/download-free-fire/" "Mozilla/5.0 (Linux; Android 10; K) AppleWebKit/537.36 (KHTML, like Gecko) Chrome/122.0.0.0 Mobile Safari/537.36"
5.212.75.239 - - [16/Mar/2024:18:17:30 +0330] "GET /wp-content/uploads/cropped-GFAQ-Icon-1--180x180.png HTTP/1.1" 200 24310 "https://www.gamefaq.ir/download-free-fire/" "Mozilla/5.0 (Linux; Android 10; K) AppleWebKit/537.36 (KHTML, like Gecko) Chrome/122.0.0.0 Mobile Safari/537.36"
5.212.75.239 - - [16/Mar/2024:18:17:31 +0330] "GET /wp-content/uploads/freefire-black-screen-GameFAQ.ir_.jpg HTTP/1.1" 200 7814 "https://www.gamefaq.ir/download-free-fire/" "Mozilla/5.0 (Linux; Android 10; K) AppleWebKit/537.36 (KHTML, like Gecko) Chrome/122.0.0.0 Mobile Safari/537.36"
5.212.75.239 - - [16/Mar/2024:18:17:30 +0330] "POST /wp-admin/admin-ajax.php HTTP/1.1" 200 4540 "https://www.gamefaq.ir/download-free-fire/" "Mozilla/5.0 (Linux; Android 10; K) AppleWebKit/537.36 (KHTML, like Gecko) Chrome/122.0.0.0 Mobile Safari/537.36"
193.186.4.40 - - [16/Mar/2024:18:17:41 +0330] "GET /titan-mode-in-shadow-figh-2/ HTTP/2" 200 45232 "-" "Mozilla/5.0 (Linux; Android 10; K) AppleWebKit/537.36 (KHTML, like Gecko) Chrome/103.0.0.0 Mobile Safari/537.36"
89.149.87.87 - - [16/Mar/2024:18:17:48 +0330] "GET /voice-video-calls-software/ HTTP/1.0" 200 316232 "http://www.gamefaq.ir/voice-video-calls-software/" "Mozilla/5.0 (Windows NT 10.0; Win64; x64) AppleWebKit/537.36 (KHTML, like Gecko) Chrome/120.0.6099.71 Safari/537.36"
72.14.201.40 - - [16/Mar/2024:18:17:58 +0330] "GET /titan-mode-in-shadow-figh-2/ HTTP/2" 200 45200 "https://www.google.com/" "Mozilla/5.0 (Linux; Android 10; K) AppleWebKit/537.36 (KHTML, like Gecko) Chrome/120.0.0.0 Mobile Safari/537.36"
23.88.8.221 - - [16/Mar/2024:18:18:17 +0330] "POST /wp-cron.php?doing_wp_cron=1710600497.7414340972900390625000 HTTP/1.1" 200 0 "-" "lKVDWw369eSE"
23.88.8.221 - - [16/Mar/2024:18:18:49 +0330] "POST /wp-cron.php?doing_wp_cron=1710600529.8077709674835205078125 HTTP/1.1" 200 0 "-" "3bP86ofIhl3F"
5.239.230.39 - - [16/Mar/2024:18:19:17 +0330] "GET /super-magic-mod-in-shadow-fight-2/ HTTP/1.1" 200 44904 "https://www.google.com/" "Mozilla/5.0 (Linux; Android 10; K) AppleWebKit/537.36 (KHTML, like Gecko) Chrome/122.0.0.0 Mobile Safari/537.36"
5.239.230.39 - - [16/Mar/2024:18:19:20 +0330] "POST /?ajax-request=jnews HTTP/1.1" 200 104 "https://www.gamefaq.ir/super-magic-mod-in-shadow-fight-2/" "Mozilla/5.0 (Linux; Android 10; K) AppleWebKit/537.36 (KHTML, like Gecko) Chrome/122.0.0.0 Mobile Safari/537.36"
5.239.230.39 - - [16/Mar/2024:18:19:21 +0330] "POST /wp-admin/admin-ajax.php HTTP/1.1" 200 4574 "https://www.gamefaq.ir/super-magic-mod-in-shadow-fight-2/" "Mozilla/5.0 (Linux; Android 10; K) AppleWebKit/537.36 (KHTML, like Gecko) Chrome/122.0.0.0 Mobile Safari/537.36"
5.239.230.39 - - [16/Mar/2024:18:19:23 +0330] "GET /titan-mode-in-shadow-figh-2/ HTTP/1.1" 200 45202 "https://www.gamefaq.ir/super-magic-mod-in-shadow-fight-2/" "Mozilla/5.0 (Linux; Android 10; K) AppleWebKit/537.36 (KHTML, like Gecko) Chrome/122.0.0.0 Mobile Safari/537.36"
151.242.130.103 - - [16/Mar/2024:18:19:41 +0330] "POST /wp-admin/admin-ajax.php HTTP/1.1" 200 3301 "https://www.gamefaq.ir/titan-mode-in-shadow-figh-2/" "Mozilla/5.0 (Linux; Android 10; K) AppleWebKit/537.36 (KHTML, like Gecko) Chrome/119.0.0.0 Mobile Safari/537.36"
23.88.8.221 - - [16/Mar/2024:18:20:31 +0330] "POST /wp-cron.php?doing_wp_cron=1710600631.5225100517272949218750 HTTP/1.1" 200 0 "-" "rVDlvR2lPd4Z"
212.33.203.165 - - [16/Mar/2024:18:20:32 +0330] "GET / HTTP/2" 200 59829 "http://gamefaq.ir" "Go-http-client/2.0"
157.55.39.54 - - [16/Mar/2024:18:20:59 +0330] "GET /wp-content/uploads/best-Android-shooter-Games-in-2021-01-GameFAQ.ir_-600x338.jpg HTTP/2" 200 59773 "-" "Mozilla/5.0 AppleWebKit/537.36 (KHTML, like Gecko; compatible; bingbot/2.0; +http://www.bing.com/bingbot.htm) Chrome/116.0.1938.76 Safari/537.36"
23.88.8.221 - - [16/Mar/2024:18:20:59 +0330] "POST /wp-cron.php?doing_wp_cron=1710600659.3722989559173583984375 HTTP/1.1" 200 0 "-" "qKu30800B3L3"
151.242.130.103 - - [16/Mar/2024:18:20:58 +0330] "GET /titan-mode-in-shadow-figh-2/ HTTP/1.1" 200 45220 "https://www.google.com/" "Mozilla/5.0 (Linux; Android 10; K) AppleWebKit/537.36 (KHTML, like Gecko) Chrome/119.0.0.0 Mobile Safari/537.36"
23.88.8.221 - - [16/Mar/2024:18:21:06 +0330] "POST /wp-cron.php?doing_wp_cron=1710600666.3062338829040527343750 HTTP/1.1" 200 0 "-" "RCPvF67bMFiX"
151.242.130.103 - - [16/Mar/2024:18:21:05 +0330] "POST /?ajax-request=jnews HTTP/1.1" 200 105 "https://www.gamefaq.ir/titan-mode-in-shadow-figh-2/" "Mozilla/5.0 (Linux; Android 10; K) AppleWebKit/537.36 (KHTML, like Gecko) Chrome/119.0.0.0 Mobile Safari/537.36"
151.242.130.103 - - [16/Mar/2024:18:21:06 +0330] "POST /wp-admin/admin-ajax.php HTTP/1.1" 200 3301 "https://www.gamefaq.ir/titan-mode-in-shadow-figh-2/" "Mozilla/5.0 (Linux; Android 10; K) AppleWebKit/537.36 (KHTML, like Gecko) Chrome/119.0.0.0 Mobile Safari/537.36"
82.145.215.206 - - [16/Mar/2024:18:21:30 +0330] "GET /wp-content/uploads/cropped-GFAQ-Icon-1--192x192.png HTTP/1.1" 200 20891 "-" "Go-http-client/1.1"
82.145.215.206 - - [16/Mar/2024:18:21:30 +0330] "GET / HTTP/1.1" 200 51008 "-" "Mozilla/5.0 (iPhone; CPU iPhone OS 11_0 like Mac OS X) AppleWebKit/604.1.38 (KHTML, like Gecko) Version/11.0 Mobile/15A372 Safari/604.1"
82.145.215.206 - - [16/Mar/2024:18:21:31 +0330] "GET /apple-touch-icon.png HTTP/1.1" 404 40333 "-" "Go-http-client/1.1"
141.95.54.243 - - [16/Mar/2024:18:22:12 +0330] "GET /dl/Zarchiver_v0.9.5_GameFAQ.ir.apk HTTP/2" 206 1 "-" "Mozilla/5.0 (Linux; Android 10; K) AppleWebKit/537.36 (KHTML, like Gecko) Chrome/122.0.0.0 Mobile Safari/537.36"
141.95.54.243 - - [16/Mar/2024:18:22:13 +0330] "GET /dl/Zarchiver_v0.9.5_GameFAQ.ir.apk HTTP/2" 206 3134909 "-" "Mozilla/5.0 (Linux; Android 10; K) AppleWebKit/537.36 (KHTML, like Gecko) Chrome/122.0.0.0 Mobile Safari/537.36"
141.95.54.243 - - [16/Mar/2024:18:22:13 +0330] "GET /dl/Zarchiver_v0.9.5_GameFAQ.ir.apk HTTP/2" 206 1574452 "-" "Mozilla/5.0 (Linux; Android 10; K) AppleWebKit/537.36 (KHTML, like Gecko) Chrome/122.0.0.0 Mobile Safari/537.36"
141.95.54.243 - - [16/Mar/2024:18:22:13 +0330] "GET /dl/Zarchiver_v0.9.5_GameFAQ.ir.apk HTTP/2" 206 2063250 "-" "Mozilla/5.0 (Linux; Android 10; K) AppleWebKit/537.36 (KHTML, like Gecko) Chrome/122.0.0.0 Mobile Safari/537.36"
47.128.16.191 - - [16/Mar/2024:18:22:25 +0330] "GET /category/call-of-duty/ HTTP/2" 200 37202 "-" "Mozilla/5.0 (Linux; Android 5.0) AppleWebKit/537.36 (KHTML, like Gecko) Mobile Safari/537.36 (compatible; Bytespider; spider-feedback@bytedance.com)"
47.128.16.191 - - [16/Mar/2024:18:22:27 +0330] "GET /wp-content/uploads/GameFAQ-Logo.png HTTP/2" 200 12704 "https://www.gamefaq.ir/category/call-of-duty/" "Mozilla/5.0 (Linux; Android 5.0) AppleWebKit/537.36 (KHTML, like Gecko) Mobile Safari/537.36 (compatible; Bytespider; spider-feedback@bytedance.com)"
47.128.16.191 - - [16/Mar/2024:18:22:27 +0330] "GET /wp-content/themes/jnews/assets/img/jeg-empty.png HTTP/2" 200 70 "https://www.gamefaq.ir/category/call-of-duty/" "Mozilla/5.0 (Linux; Android 5.0) AppleWebKit/537.36 (KHTML, like Gecko) Mobile Safari/537.36 (compatible; Bytespider; spider-feedback@bytedance.com)"
47.128.16.191 - - [16/Mar/2024:18:22:28 +0330] "GET /wp-content/uploads/cod-4-remastered.webp HTTP/2" 200 28980 "https://www.gamefaq.ir/category/call-of-duty/" "Mozilla/5.0 (Linux; Android 5.0) AppleWebKit/537.36 (KHTML, like Gecko) Mobile Safari/537.36 (compatible; Bytespider; spider-feedback@bytedance.com)"
23.88.8.221 - - [16/Mar/2024:18:24:05 +0330] "POST /wp-cron.php?doing_wp_cron=1710600845.4554319381713867187500 HTTP/1.1" 200 0 "-" "Mpa3jzaw2iOj"
5.237.60.183 - - [16/Mar/2024:18:24:04 +0330] "GET /titan-mode-in-shadow-figh-2/ HTTP/2" 200 49313 "https://www.google.com/" "Mozilla/5.0 (Linux; Android 11; SAMSUNG SM-T295) AppleWebKit/537.36 (KHTML, like Gecko) SamsungBrowser/23.0 Chrome/115.0.0.0 Safari/537.36"
5.237.60.183 - - [16/Mar/2024:18:24:08 +0330] "POST /?ajax-request=jnews HTTP/2" 200 105 "https://www.gamefaq.ir/titan-mode-in-shadow-figh-2/" "Mozilla/5.0 (Linux; Android 11; SAMSUNG SM-T295) AppleWebKit/537.36 (KHTML, like Gecko) SamsungBrowser/23.0 Chrome/115.0.0.0 Safari/537.36"
5.237.60.183 - - [16/Mar/2024:18:24:09 +0330] "POST /wp-admin/admin-ajax.php HTTP/2" 200 3301 "https://www.gamefaq.ir/titan-mode-in-shadow-figh-2/" "Mozilla/5.0 (Linux; Android 11; SAMSUNG SM-T295) AppleWebKit/537.36 (KHTML, like Gecko) SamsungBrowser/23.0 Chrome/115.0.0.0 Safari/537.36"
5.213.169.36 - - [16/Mar/2024:18:24:35 +0330] "GET /wp-content/plugins/jnews-video/assets/css/plugin.css?ver=10.0.0 HTTP/2" 200 4526 "https://www.gamefaq.ir/top-10-farming-games-for-ps4/" "Mozilla/5.0 (Linux; Android 10; K) AppleWebKit/537.36 (KHTML, like Gecko) Chrome/122.0.0.0 Mobile Safari/537.36"
5.213.169.36 - - [16/Mar/2024:18:24:35 +0330] "GET /wp-content/plugins/wpdiscuz/assets/third-party/font-awesome-5.13.0/css/fa.min.css?ver=7.3.4 HTTP/2" 200 2326 "https://www.gamefaq.ir/top-10-farming-games-for-ps4/" "Mozilla/5.0 (Linux; Android 10; K) AppleWebKit/537.36 (KHTML, like Gecko) Chrome/122.0.0.0 Mobile Safari/537.36"
5.213.169.36 - - [16/Mar/2024:18:24:35 +0330] "GET /wp-content/plugins/wpdiscuz/assets/css/wpdiscuz-combo-no_quill.min.css?ver=6.4.3 HTTP/2" 200 3092 "https://www.gamefaq.ir/top-10-farming-games-for-ps4/" "Mozilla/5.0 (Linux; Android 10; K) AppleWebKit/537.36 (KHTML, like Gecko) Chrome/122.0.0.0 Mobile Safari/537.36"
5.213.169.36 - - [16/Mar/2024:18:24:35 +0330] "GET /wp-content/plugins/jnews-split/assets/css/splitpost-toc.css HTTP/2" 200 898 "https://www.gamefaq.ir/top-10-farming-games-for-ps4/" "Mozilla/5.0 (Linux; Android 10; K) AppleWebKit/537.36 (KHTML, like Gecko) Chrome/122.0.0.0 Mobile Safari/537.36"
5.213.169.36 - - [16/Mar/2024:18:24:35 +0330] "GET /wp-content/plugins/wpdiscuz/themes/default/style-rtl.css?ver=7.3.4 HTTP/2" 200 18511 "https://www.gamefaq.ir/top-10-farming-games-for-ps4/" "Mozilla/5.0 (Linux; Android 10; K) AppleWebKit/537.36 (KHTML, like Gecko) Chrome/122.0.0.0 Mobile Safari/537.36"
193.186.4.43 - - [16/Mar/2024:18:24:34 +0330] "GET /top-10-farming-games-for-ps4/ HTTP/2" 200 49219 "https://www.google.com/" "Mozilla/5.0 (Linux; Android 10; K) AppleWebKit/537.36 (KHTML, like Gecko) Chrome/122.0.0.0 Mobile Safari/537.36"
5.213.169.36 - - [16/Mar/2024:18:24:35 +0330] "GET /wp-content/themes/jnews/assets/css/darkmode.css?ver=11.1.3 HTTP/2" 200 6698 "https://www.gamefaq.ir/top-10-farming-games-for-ps4/" "Mozilla/5.0 (Linux; Android 10; K) AppleWebKit/537.36 (KHTML, like Gecko) Chrome/122.0.0.0 Mobile Safari/537.36"
5.213.169.36 - - [16/Mar/2024:18:24:35 +0330] "GET /wp-content/themes/jnews/rtl-default-font.css HTTP/2" 200 416 "https://www.gamefaq.ir/top-10-farming-games-for-ps4/" "Mozilla/5.0 (Linux; Android 10; K) AppleWebKit/537.36 (KHTML, like Gecko) Chrome/122.0.0.0 Mobile Safari/537.36"
5.213.169.36 - - [16/Mar/2024:18:24:35 +0330] "GET /wp-content/plugins/jnews-video/assets/css/darkmode.css?ver=10.0.0 HTTP/2" 200 939 "https://www.gamefaq.ir/top-10-farming-games-for-ps4/" "Mozilla/5.0 (Linux; Android 10; K) AppleWebKit/537.36 (KHTML, like Gecko) Chrome/122.0.0.0 Mobile Safari/537.36"
5.213.169.36 - - [16/Mar/2024:18:24:35 +0330] "GET /wp-content/themes/jnews/style.css?ver=11.1.3 HTTP/2" 200 219 "https://www.gamefaq.ir/top-10-farming-games-for-ps4/" "Mozilla/5.0 (Linux; Android 10; K) AppleWebKit/537.36 (KHTML, like Gecko) Chrome/122.0.0.0 Mobile Safari/537.36"
5.213.169.36 - - [16/Mar/2024:18:24:35 +0330] "GET /wp-content/themes/jnews/assets/css/elementor-frontend.css?ver=11.1.3 HTTP/2" 200 152 "https://www.gamefaq.ir/top-10-farming-games-for-ps4/" "Mozilla/5.0 (Linux; Android 10; K) AppleWebKit/537.36 (KHTML, like Gecko) Chrome/122.0.0.0 Mobile Safari/537.36"
5.213.169.36 - - [16/Mar/2024:18:24:35 +0330] "GET /wp-content/themes/jnews/assets/css/js-composer-frontend.css?ver=11.1.3 HTTP/2" 200 250 "https://www.gamefaq.ir/top-10-farming-games-for-ps4/" "Mozilla/5.0 (Linux; Android 10; K) AppleWebKit/537.36 (KHTML, like Gecko) Chrome/122.0.0.0 Mobile Safari/537.36"
5.213.169.36 - - [16/Mar/2024:18:24:35 +0330] "GET /wp-content/uploads/smile_fonts/Defaults/Defaults.css?ver=3.19.7 HTTP/2" 200 4453 "https://www.gamefaq.ir/top-10-farming-games-for-ps4/" "Mozilla/5.0 (Linux; Android 10; K) AppleWebKit/537.36 (KHTML, like Gecko) Chrome/122.0.0.0 Mobile Safari/537.36"
5.213.169.36 - - [16/Mar/2024:18:24:35 +0330] "GET /wp-content/themes/jnews/data/import/game/scheme.css?ver=11.1.3 HTTP/2" 200 654 "https://www.gamefaq.ir/top-10-farming-games-for-ps4/" "Mozilla/5.0 (Linux; Android 10; K) AppleWebKit/537.36 (KHTML, like Gecko) Chrome/122.0.0.0 Mobile Safari/537.36"
5.213.169.36 - - [16/Mar/2024:18:24:35 +0330] "GET /wp-content/themes/jnews/assets/css/rtl.css?ver=11.1.3 HTTP/2" 200 4668 "https://www.gamefaq.ir/top-10-farming-games-for-ps4/" "Mozilla/5.0 (Linux; Android 10; K) AppleWebKit/537.36 (KHTML, like Gecko) Chrome/122.0.0.0 Mobile Safari/537.36"
5.213.169.36 - - [16/Mar/2024:18:24:35 +0330] "GET /wp-content/plugins/jnews-split/assets/css/splitpost.css HTTP/2" 200 2205 "https://www.gamefaq.ir/top-10-farming-games-for-ps4/" "Mozilla/5.0 (Linux; Android 10; K) AppleWebKit/537.36 (KHTML, like Gecko) Chrome/122.0.0.0 Mobile Safari/537.36"
5.213.169.36 - - [16/Mar/2024:18:24:35 +0330] "GET /wp-content/plugins/elementor/assets/css/frontend-rtl.min.css?ver=3.4.6 HTTP/2" 200 16505 "https://www.gamefaq.ir/top-10-farming-games-for-ps4/" "Mozilla/5.0 (Linux; Android 10; K) AppleWebKit/537.36 (KHTML, like Gecko) Chrome/122.0.0.0 Mobile Safari/537.36"
5.213.169.36 - - [16/Mar/2024:18:24:35 +0330] "GET /wp-content/plugins/js_composer/assets/css/js_composer.min.css?ver=6.10.0 HTTP/2" 200 40525 "https://www.gamefaq.ir/top-10-farming-games-for-ps4/" "Mozilla/5.0 (Linux; Android 10; K) AppleWebKit/537.36 (KHTML, like Gecko) Chrome/122.0.0.0 Mobile Safari/537.36"
5.213.169.36 - - [16/Mar/2024:18:24:35 +0330] "GET /wp-content/plugins/elementor/assets/css/frontend-legacy-rtl.min.css?ver=3.4.6 HTTP/2" 200 445 "https://www.gamefaq.ir/top-10-farming-games-for-ps4/" "Mozilla/5.0 (Linux; Android 10; K) AppleWebKit/537.36 (KHTML, like Gecko) Chrome/122.0.0.0 Mobile Safari/537.36"
5.213.169.36 - - [16/Mar/2024:18:24:35 +0330] "GET /wp-content/themes/jnews/assets/dist/frontend.min.css?ver=11.1.3 HTTP/2" 200 89566 "https://www.gamefaq.ir/top-10-farming-games-for-ps4/" "Mozilla/5.0 (Linux; Android 10; K) AppleWebKit/537.36 (KHTML, like Gecko) Chrome/122.0.0.0 Mobile Safari/537.36"
5.213.169.36 - - [16/Mar/2024:18:24:35 +0330] "GET /wp-content/plugins/jnews-social-share/assets/css/plugin.css HTTP/2" 200 374 "https://www.gamefaq.ir/top-10-farming-games-for-ps4/" "Mozilla/5.0 (Linux; Android 10; K) AppleWebKit/537.36 (KHTML, like Gecko) Chrome/122.0.0.0 Mobile Safari/537.36"
5.213.169.36 - - [16/Mar/2024:18:24:35 +0330] "GET /wp-content/themes/jnews/rtl.css HTTP/2" 200 3753 "https://www.gamefaq.ir/top-10-farming-games-for-ps4/" "Mozilla/5.0 (Linux; Android 10; K) AppleWebKit/537.36 (KHTML, like Gecko) Chrome/122.0.0.0 Mobile Safari/537.36"
212.33.203.165 - - [16/Mar/2024:18:20:30 +0330] "GET / HTTP/1.1" 301 0 "-" "Go-http-client/1.1"
193.186.4.41 - - [16/Mar/2024:18:20:34 +0330] "GET /titan-mode-in-shadow-figh-2/ HTTP/2" 200 45213 "-" "Mozilla/5.0 (Linux; Android 10; K) AppleWebKit/537.36 (KHTML, like Gecko) Chrome/107.0.0.0 Mobile Safari/537.36"
23.88.8.221 - - [16/Mar/2024:18:21:30 +0330] "POST /wp-cron.php?doing_wp_cron=1710600690.7983670234680175781250 HTTP/1.1" 200 0 "-" "UUmtqCGMOT4Q"
82.145.215.206 - - [16/Mar/2024:18:21:30 +0330] "GET /wp-content/uploads/cropped-GFAQ-Icon-1--32x32.png HTTP/1.1" 200 1772 "-" "Go-http-client/1.1"
82.145.215.206 - - [16/Mar/2024:18:21:31 +0330] "GET /wp-content/uploads/cropped-GFAQ-Icon-1--180x180.png HTTP/1.1" 200 24310 "-" "Go-http-client/1.1"
23.88.8.221 - - [16/Mar/2024:18:22:26 +0330] "POST /wp-cron.php?doing_wp_cron=1710600746.6714179515838623046875 HTTP/1.1" 200 0 "-" "wdcchlBalHa3"
23.88.8.221 - - [16/Mar/2024:18:23:18 +0330] "POST /wp-cron.php?doing_wp_cron=1710600798.9663250446319580078125 HTTP/1.1" 200 0 "-" "McJManX5g8Ny"
151.242.130.103 - - [16/Mar/2024:18:23:18 +0330] "GET /titan-mode-in-shadow-figh-2/ HTTP/1.1" 200 45232 "https://www.google.com/" "Mozilla/5.0 (Linux; Android 10; K) AppleWebKit/537.36 (KHTML, like Gecko) Chrome/119.0.0.0 Mobile Safari/537.36"
151.242.130.103 - - [16/Mar/2024:18:23:25 +0330] "POST /?ajax-request=jnews HTTP/1.1" 200 105 "https://www.gamefaq.ir/titan-mode-in-shadow-figh-2/" "Mozilla/5.0 (Linux; Android 10; K) AppleWebKit/537.36 (KHTML, like Gecko) Chrome/119.0.0.0 Mobile Safari/537.36"
151.242.130.103 - - [16/Mar/2024:18:23:26 +0330] "POST /wp-admin/admin-ajax.php HTTP/1.1" 200 3301 "https://www.gamefaq.ir/titan-mode-in-shadow-figh-2/" "Mozilla/5.0 (Linux; Android 10; K) AppleWebKit/537.36 (KHTML, like Gecko) Chrome/119.0.0.0 Mobile Safari/537.36"
